 1 = 4*b, 4*m = 2*b + 28. Calculate the remainder when (-3726)/b - 8/20*-1 is divided by 11.
10
Let l(b) = -2*b - 8. Let c = -16 - 3. Let z = c - -13. Calculate the remainder when 22 is divided by l(z).
2
Let q = -2 - -4. Suppose -q*k = 10 - 38. Let v(u) = 2*u**2 - 228*u + 1507. Calculate the remainder when k is divided by v(7).
5
Suppose 0 = -17*w + 323 + 85. Calculate the remainder when 162 is divided by w.
18
Suppose 3*o - 81 = -3*m, 3*o = 2*m + 180 - 94. What is the remainder when 2393 is divided by o?
13
Let q(j) = 5*j. Let x be q(1). Let f = -15562 - -15568. What is the remainder when 48 - x - 1*-2 is divided by f?
3
Let c = -812 - -966. Let t(k) = 17*k - 22. What is the remainder when c is divided by t(4)?
16
What is the remainder when (6 + -11)/(-5)*(0/2 - -3937) is divided by 20?
17
Let w = 0 - -3. Suppose l = 2*r + 79, 4*l - w*r - 422 = -106. What is the remainder when l is divided by 21?
16
Suppose 3*i + 4*a - 43 = 0, 0 = 5*i + 975*a - 980*a - 165. Let m(p) = -8*p + 11. What is the remainder when m(-5) is divided by i?
1
Suppose -366*l = -406*l + 1360. Calculate the remainder when 41 is divided by l.
7
What is the remainder when 1181 is divided by (58/(-5))/((-420)/2100)?
21
Let b be (16 - 16)/(2 - 1). Suppose b = l + 5, 4*t + 2*l + l = 5. Calculate the remainder when 219/12 - 1/4 is divided by t.
3
Let f be (54/(-12) - -4)/(2/(-20)). Let o(g) = -19*g + 50. Let t be o(f). Calculate the remainder when -52*(t/20)/1 is divided by 20.
17
Suppose 0 = 14*m - 80 + 52. Let g be 2/7 - (-418)/7. Suppose -z = m*s - g, -2*s + 3*z + 39 = -21. Calculate the remainder when s is divided by 8.
6
Suppose 0 = -26*o + 59*o - 4158. What is the remainder when 874 is divided by o?
118
Let x(u) = u**3 - 31*u**2 + 92*u - 97. What is the remainder when x(28) is divided by 125?
2
Let r(w) = w**3 + 26*w**2 - 79*w + 318. What is the remainder when 600 is divided by r(-29)?
84
Suppose -3*x + 2*g = -41 - 31, 3*x - g - 69 = 0. Let z = 384084 + -383667. What is the remainder when z is divided by x?
21
Let v = -14968 + 15183. What is the remainder when 1505 is divided by v?
0
Let l be -14 - -315 - (0 + 0). Let f = -147 + l. Let j = -34 + f. What is the remainder when j is divided by 31?
27
Suppose -46*g = -47*g + 23. Suppose 7*y = 8*y, 4*r = y + 172. Let a = r - g. What is the remainder when 98 is divided by a?
18
Suppose -143760 = -56*y + 8*y. Calculate the remainder when y is divided by 20.
15
Suppose 44 = 2*c - n - 32, -2*n = 2*c - 82. Let t = c - 37. Suppose -2*m + 110 = t*p, 2*p + 7 = m - 45. Calculate the remainder when m is divided by 28.
26
Let c be (-10)/4*(-23)/(207/(-270)). What is the remainder when 7*(50/c)/(4/(-6)) is divided by 7?
0
Let u(h) = 4*h**2 + 2*h + 1. Suppose -6*w = 4*x - w + 13, 0 = 4*x - 2*w + 6. Calculate the remainder when (2 - -265)*97/291 is divided by u(x).
11
Suppose 3*d - 5*m = 29, -2*m - 209 = -201. Let b = 7 - 7. Suppose 5 = k - b*k. Calculate the remainder when k is divided by d.
2
Let k = 11284 - 10942. What is the remainder when 2063 is divided by k?
11
Suppose -3*o + 1268 - 805 = 4*b, -3*b - 584 = -4*o. What is the remainder when 1064 is divided by o?
21
Let z = 6946 + -6587. What is the remainder when z is divided by 85?
19
Let p = 33 - 14. Let y be (-3 + (-3)/(-3))*(-76)/8. Suppose y*v = -4*v + 253. Calculate the remainder when p is divided by v.
8
Let w(l) = l**3 - 9*l**2 - 2*l + 19. Let z be w(8). Let x = -56 - z. Suppose 0 = -2*r - 3 + 1, -q = -x*r - 116. What is the remainder when q is divided by 23?
19
Let g = 16916 - 16261. What is the remainder when g is divided by 125?
30
Let z(o) = -o**2 - 12*o + 4. Let r(y) be the first derivative of -y**3/3 - y**2 + 31*y - 46. Calculate the remainder when z(-9) is divided by r(-5).
15
Let f(c) = c**3 + 35*c**2 + 77*c - 34. Let m be f(-32). Let q = 588 - m. Calculate the remainder when 264 is divided by q.
12
Suppose -5*f = 3*s - 68, 0 = 4*f + s - 127 + 67. Calculate the remainder when 2750 is divided by f.
14
Let s = 1527 - 768. Let u = s - 735. What is the remainder when 133 is divided by u?
13
Let h = -4629 + 4631. What is the remainder when 187 is divided by h?
1
What is the remainder when 0 + -1 - (8 + -1560 + 3) is divided by 31?
29
Let p = -3224 + 3230. What is the remainder when 25 is divided by p?
1
Let f(d) = 3*d. Let j(c) = 2*c**2 + 5*c + 11 - c**3 + 3*c**2 - 9*c**2. What is the remainder when f(7) is divided by j(-5)?
10
Calculate the remainder when 21150/(-47)*(0 + 1/(-3)) is divided by 19.
17
Suppose -4 = 17*p - 19*p. Suppose 23 = p*d - 3. Calculate the remainder when 89 is divided by d.
11
Suppose 0*t - 3*t + 81 = 0. Let o = t + -24. Suppose -5*m + 30 = o*h - 76, -181 = -5*h - 4*m. Calculate the remainder when h is divided by 10.
7
Suppose -180 = -23*z + 17*z. Suppose z = 3*w - 27. What is the remainder when 109 is divided by w?
14
Suppose -5*u - 5*h = -200, h = 2*h - 2. Let z(b) = -b**2 - 11*b - 4. Calculate the remainder when u is divided by z(-8).
18
Suppose 8*z = -10*z - 594. Calculate the remainder when 150 is divided by (4/(-6))/(44/z)*14.
3
Suppose -2*a + 241 + 14 = 5*r, -r + 465 = 4*a. Suppose -a + 290 = 5*o. What is the remainder when o is divided by 12?
11
Let t = 10865 - 10856. What is the remainder when (29/3)/((-3)/(-9)) is divided by t?
2
Suppose -9*g + 5*g = 64. What is the remainder when (g/4 + 2)*-16 is divided by 18 + -3 - 24/4?
5
Let m = -45 - -41. Let y = 31 - m. Let k = -1505 + 1514. What is the remainder when y is divided by k?
8
Let n = 577 + -327. Let w = 4609 - 4581. What is the remainder when n is divided by w?
26
Suppose -z + 130 = 5*u, 173 - 823 = -5*z - 4*u. Let b = -103 - -122. Calculate the remainder when z is divided by b.
16
Suppose 119 = -2*c - 3*n, 2*n - 7*n + 25 = 0. Let s = -63 - c. Suppose -7*z + 165 = -s*z. Calculate the remainder when z is divided by 29.
26
Let z(s) = -165*s + 461. What is the remainder when 504 is divided by z(2)?
111
Suppose -37*c - 70*c = -963. What is the remainder when 5946 is divided by c?
6
Suppose 12*x + 4*x - 2470 = 7882. What is the remainder when x is divided by 167?
146
Let d(b) = b - 8 + 5*b**2 - 4*b**2 - 2*b**2. Let f be d(0). Calculate the remainder when 2/f - (-2959)/44 is divided by 34.
33
Let t(b) = -2*b**2 - 283*b + 184. Calculate the remainder when 68 is divided by t(-142).
26
Let f(i) = -40*i**2 - 1318*i + 195. Calculate the remainder when 509 is divided by f(-33).
122
Let k = -9844 + 10354. What is the remainder when k is divided by 40?
30
Suppose -37*z = -12940 - 7077. What is the remainder when z is divided by 80?
61
Let f = -12139 + 12360. Calculate the remainder when f is divided by 67.
20
Suppose 4*c - c + 17 = -2*j, 5*j - 2*c = 5. Calculate the remainder when 8 is divided by ((-57)/21)/j + 18/63.
2
Let n = 6918 + -6787. Calculate the remainder when n is divided by 20.
11
Let m(j) = 32*j**3 - 6*j**2 + 13*j - 5. Calculate the remainder when m(2) is divided by 66.
55
Let a be (-17)/(-187) - 32/(-11). What is the remainder when 54 is divided by (-14)/(-2)*(-8 + a)/(-5)?
5
Let i(t) = 21*t**2 + 9*t + 22. Let v = 232 + -227. Calculate the remainder when i(v) is divided by 22.
20
Suppose -7267 = 30*r - 11197. What is the remainder when 1071 is divided by r?
23
Let s(d) = 0 + 3*d - 3 - 18*d + 4*d. Suppose -4*n = -3*v - 47, 0 = 4*n - n + v - 32. Calculate the remainder when s(-4) is divided by n.
8
Calculate the remainder when 193 is divided by (-25300)/(-350) - (-5)/7.
47
Let y = -264 + 269. Suppose 3*q - 160 = -3*j + 122, 5*q = y*j - 450. Calculate the remainder when 181 is divided by j.
89
Let g = 267 - 262. Suppose 61*h = 59*h - 5*d + 154, -g*h - 5*d = -355. Calculate the remainder when 142 is divided by h.
8
Suppose -541 = -3*u - i, 56*i - 55*i = -5*u + 903. What is the remainder when u is divided by 51?
28
Let g(r) = 167*r**2 + 3*r - 2. Calculate the remainder when g(2) is divided by (-650)/572*-22 - (-1 + 1).
22
Let y = -10522 - -13839. What is the remainder when y is divided by 332?
329
Let z(q) = 14*q. Let p(w) = -w + 41 - 8*w - 55. Calculate the remainder when p(-6) is divided by z(1).
12
Let d be 210/(-18) + 10/15. Let h(s) = -s**3 - 9*s**2 + 19*s + 26. What is the remainder when h(d) is divided by 15?
14
Let r(s) = 2*s**3 - 9*s**2 + 17*s + 1. Suppose -46 = -6*v + 2. Calculate 